). Suppose -o - 198 = -2*o - f*l, 3*o + 2*l = 624. What is the hundreds digit of o?
2
Let f(j) = -j**3 - 9*j**2 - 14*j - 63. Let u = -1 - 11. What is the units digit of f(u)?
7
Suppose -r = -13 + 1. Let q(i) = -5 - 3*i + r*i + 28. What is the tens digit of q(4)?
5
Let i be (-7)/((-7)/2)*(-4)/(-4). Suppose 202 = s + d, -823 = i*s - 6*s - d. What is the hundreds digit of s?
2
Let t(f) = 379*f**2 - 92*f + 41. What is the thousands digit of t(-7)?
9
Let s(h) = 2*h**2 + 77 + 26*h - 79 + h**2. Let d = -89 - -78. What is the units digit of s(d)?
5
Suppose -55*u + 68*u = -5811. What is the hundreds digit of (26/26 + (-8)/6)*u?
1
Let i(g) = 8079*g - 9974. What is the ten thousands digit of i(3)?
1
Let d = -6 - -7. Let k be 0 + (1/d - -206) + -2. Suppose -5*z - k = -835. What is the hundreds digit of z?
1
Let v = -44 - -51. Suppose -s = 2*y - v*y - 17, -3*s - 9 = 5*y. Suppose 4*o = -s*b + 404, -2*b + 4 = -0*b. What is the tens digit of o?
0
What is the hundreds digit of 31304 - (14 + 6 + -1)?
2
Suppose 3*t + 4*k + 25 = 0, 0 = -5*t + 4*k - 7 - 24. Let x = 48 - 104. What is the units digit of (-2 + 1)*(x - t)?
9
Let d be (-333)/((18/39)/(-6)). Suppose -6*v = -3*v + 3, -4*v - d = -5*k. What is the tens digit of k?
6
Let o = 65 - 60. Suppose -1426 = -o*k - f - 3*f, 5*k = -5*f + 1425. What is the units digit of k?
6
Suppose -y + 3*q = -5*y - 29, -5*y - 4*q = 35. Let p = 27 - y. Let u = p - -107. What is the tens digit of u?
4
Suppose -3*v = -3*y + 45, 2 = 4*y - v - 43. Suppose -10*s + 12*s - y = 0. Suppose -1449 = -s*l - 404. What is the hundreds digit of l?
2
Suppose -4*o = -10616 - 12776. What is the units digit of o?
8
Suppose -375271 = -5*f + 2*a, -4*f + 43*a - 46*a = -300180. What is the units digit of f?
1
Let a(l) = -l**3 + 22*l**2 + 49*l - 15. Let n be a(24). Suppose -n*x - 5*p = -6*x - 1503, -x = 3*p - 505. What is the units digit of x?
6
Suppose 26*y - 15*y = 0. Suppose y*r + 3*r + 2*i - 174 = 0, 0 = -r + 5*i + 58. What is the tens digit of r?
5
Let b = -16116 - -27357. What is the ten thousands digit of b?
1
Suppose 2141 = -4*z + 4*j + 11253, 0 = -j + 3. Suppose -3844 - z = -25*g. What is the tens digit of g?
4
Let g(i) = 380*i**3 - 9*i**2 + 57*i + 11. What is the ten thousands digit of g(4)?
2
Suppose -4*u + 719 = 3*f, -f + 9*u - 13*u + 237 = 0. Suppose 4*g = f + 231. What is the units digit of g?
8
Let t(p) be the second derivative of p**4/12 + 25*p**3/6 + 84*p**2 + 129*p. What is the units digit of t(-26)?
4
Suppose -60*s + 89036 = -89846 - 211958. What is the hundreds digit of s?
5
What is the units digit of (31/62)/((-2)/858*(-42)/1288)?
8
Let u = 172 - 32. Let o = 3 + 0. Suppose 109 = o*f - u. What is the tens digit of f?
8
Let i = 395 + -159. Suppose 1216 = 3*w - i. What is the tens digit of w?
8
Suppose -4*x = -3*k - 132917, 1966*k - 132899 = -4*x + 1963*k. What is the hundreds digit of x?
2
Suppose -2*b + 34 = -12. Let g be 27/(-18)*-4*b. Suppose f = -3*x + g, 5*f - x + 454 = 8*f. What is the hundreds digit of f?
1
Let r be (-480)/100 + (-1)/5. Let m be 16 + -4*r/(-5). Suppose -8*o = -m*o + 344. What is the units digit of o?
6
Suppose -12 = -3*o, -2*o - 2*o = 2*x - 584. Let c = -146 + x. What is the tens digit of c?
3
Suppose 0 = 2*l - 49 + 1. Suppose -4*n = 3*o - 6*o + 25, -4*o = -3*n - l. Let s(z) = 2*z**3 + 5*z**2 + 5*z + 7. What is the hundreds digit of s(o)?
1
Let v(y) = 2*y**2 + 7*y**2 + 7*y**2 - 13 - 7*y**2 + y**3 - 18*y. What is the tens digit of v(-8)?
9
Let z be (-6)/(-15) + (-3 - (-103)/5). Suppose 0 = 17*w - 18*w + z. What is the units digit of (222/w)/(2/6)?
7
Let g be 1/(6/2)*(20 + -20). Suppose -4*u - 2*o + 1110 = g, -2*u + 261 = -3*o - 306. What is the tens digit of u?
7
Suppose -33*r + 38*r = 2785. Let f = r + -328. What is the tens digit of f?
2
Let u(i) = 200*i + 11. Suppose 16*p = 64 - 16. Let b be u(p). Suppose -4*s = -3*q + 581, 2*s + b + 334 = 5*q. What is the tens digit of q?
8
Let u = 45724 - 15646. What is the tens digit of u?
7
Suppose -3*l = -l - 2200 - 6192. What is the hundreds digit of l?
1
Suppose 25*c = -16*c + 36*c + 25730. What is the hundreds digit of c?
1
What is the units digit of 1/(1*6 + 1105097/(-184186))?
4
What is the thousands digit of 3/(3 + 751815/(-250620))?
6
Let n be ((-7)/(-21))/((-1)/183). Let s = n - -59. What is the tens digit of (s/(-3))/(2/363)?
2
Let z = -811 - -1243. Let f = 868 - 627. Suppose 4*g + 5*k = z, -328 = -5*g + k + f. What is the hundreds digit of g?
1
Let i = 5411 + -20316. What is the units digit of (i/(-10))/11 + (-2)/(-4)?
6
Let p = -1788 + 5088. What is the units digit of p?
0
What is the ten thousands digit of (26*7214/(-48)*2)/((-4)/24)?
4
Suppose 106*m + 2827 = 210*m - 106165. What is the units digit of m?
8
Let w = -53 - -53. Suppose -21 = -l - 4*m, w*l + 3*m = 2*l + 13. Suppose 0 = 10*v - 229 - l. What is the tens digit of v?
2
Let d = 71072 + -21768. What is the ten thousands digit of d?
4
Let u be -10*(9324/(-8))/7. Suppose 0 = -4*v + 5*w + 2220, 3*w + u = 7*v - 4*v. What is the units digit of v?
5
Let i = 6070 - 2786. What is the thousands digit of i?
3
Let w = -209975 - -300965. What is the thousands digit of w?
0
Let m(t) = 227*t + 8. Let l be m(1). Let j = l - 175. What is the tens digit of j?
6
Let k(f) = 2*f + 62. Let u be k(-22). Suppose 2*d + l - 267 = 0, u*d = 14*d - 3*l + 529. What is the tens digit of d?
3
Let r = -1056 - -4459. What is the hundreds digit of r?
4
Let c be -1 - (1 + -1) - 5. Let k(f) be the first derivative of -6*f**2 - 30*f - 64. What is the tens digit of k(c)?
4
Suppose 4172 = 26*u - 1652. Suppose 4*t - u = -j, 0*t + 4*t = 2*j - 400. What is the units digit of j?
8
Let r(a) = -3984*a + 550. What is the thousands digit of r(-13)?
2
Let l(o) = -1169*o + 253. What is the tens digit of l(-5)?
9
Let c = -145 + 274. Let n = -123 + c. Let k(l) = 2*l**3 - 7*l**2 - 6*l + 14. What is the tens digit of k(n)?
5
Let f(g) = -28*g + 18 + 13*g - 29*g. Suppose -12*z - 12 - 24 = 0. What is the units digit of f(z)?
0
Suppose 2*h = 73*d - 78*d + 1071, 3*d + 2051 = 4*h. What is the tens digit of h?
1
Suppose -429*s + 430*s = 5*d + 4112, -3*d = 5*s - 20420. What is the tens digit of s?
8
Let x = 18 - 14. What is the hundreds digit of x/(-8)*-139*2?
1
Let u = 13 - 18. Suppose -36*p = -16*p - 1260. Let g = u + p. What is the units digit of g?
8
Suppose -54*o + 168428 = -126372 - 27148. What is the hundreds digit of o?
9
Suppose -8*w = -14*w + 54. Suppose -z = -5*s + 388, 0 = w*s - 13*s - 2*z + 316. What is the units digit of s?
8
Let g = 769 + 1494. What is the tens digit of g?
6
Let x = 4602 - -4338. Suppose -w - x = -13*w. What is the tens digit of w?
4
Let z(u) = -u**2 + 7*u + 7. Let n be z(10). Let v = -33 - n. What is the units digit of v*5/40*-152?
0
Suppose 4*p - 80248 = -5*u, -18*u = -13*u + p - 80272. What is the thousands digit of u?
6
Let z be 8/3*(84/8)/7. Let v be 258/z*(-1)/(3/8). Let u = v - -243. What is the units digit of u?
1
Let b(h) = 1540*h - 4377. What is the ten thousands digit of b(32)?
4
Let r = -825 - -835. Suppose 11*d + 5*q - 1460 = r*d, 2927 = 2*d + 3*q. What is the thousands digit of d?
1
Let u be 0 + 198/30 + 4/10. Let d(w) = -u*w + 5 + 3 + 24 - 5. What is the tens digit of d(-5)?
6
Let q(i) = i**3 + 22*i**2 + 21*i - 3. Let z be q(-21). Let n be ((z/(-9))/(-1))/((-3)/774). Suppose 106 = 4*b - n. What is the units digit of b?
8
Let f(k) = -k**3 - 10*k**2 + 8*k + 17. Let u(j) = -2*j - 7. Let p be 4/(-5)*(-50)/20. Let q be u(p). What is the tens digit of f(q)?
5
Let m = 41 - 37. Suppose r + 36 = -4*k, 45 = -k - m*k + 4*r. Let a = 43 + k. What is the units digit of a?
4
Let q be (-2)/4*10 + -2. Let u(t) = t**3 + 9*t**2 + 7*t - 13. Let j be u(q). Suppose 0 = -2*r + j - 6. What is the units digit of r?
5
Suppose -h - 1 = -z - 0*z, -4*h = 2*z - 20. Suppose -b - 27 = b + h*a, 3*b - a = -35. What is the units digit of (224/21)/((-2)/b)?
4
Let i(m) = 50*m**3 + 2*m + 84. What is the units digit of i(11)?
6
Let p be 48*(-5 + 6 + -2). Let n = p + 44. What is the tens digit of (8/(-12))/(n/438)?
7
Let a = 316 - -34. Let r = 1895 - a. What is the tens digit of r?
4
Let m(v) = -5*v**3 - 2*v**2 + 3*v - 2. Let g be m(1). Let y be 2/g - 6402/18. What is the tens digit of (y/(-8) + 0)*2?
8
Let i = 508 + 191. Let p = i - 472. What is the hu